[INFO] cloning repository https://github.com/timbod7/hexalamp
[INFO] running `Command { std: "git" "-c" "credential.helper=" "-c" "credential.helper=/workspace/cargo-home/bin/git-credential-null" "clone" "--bare" "https://github.com/timbod7/hexalamp" "/workspace/cache/git-repos/https%3A%2F%2Fgithub.com%2Ftimbod7%2Fhexalamp", kill_on_drop: false }`
[INFO] [stderr] Cloning into bare repository '/workspace/cache/git-repos/https%3A%2F%2Fgithub.com%2Ftimbod7%2Fhexalamp'...
[INFO] running `Command { std: "git" "rev-parse" "HEAD", kill_on_drop: false }`
[INFO] [stdout] e0958f23cdb79d38abdaeb75fc484437a221211a
[INFO] building timbod7/hexalamp against master#ff34b919075f35a1787659e9c448a34b06bab8de for issue-85264
[INFO] running `Command { std: "git" "clone" "/workspace/cache/git-repos/https%3A%2F%2Fgithub.com%2Ftimbod7%2Fhexalamp" "/workspace/builds/worker-2/source", kill_on_drop: false }`
[INFO] [stderr] Cloning into '/workspace/builds/worker-2/source'...
[INFO] [stderr] done.
[INFO] validating manifest of git repo https://github.com/timbod7/hexalamp on toolchain ff34b919075f35a1787659e9c448a34b06bab8de
[INFO] running `Command { std: "/workspace/cargo-home/bin/cargo" "+ff34b919075f35a1787659e9c448a34b06bab8de" "metadata" "--manifest-path" "Cargo.toml" "--no-deps", kill_on_drop: false }`
[INFO] removed /workspace/builds/worker-2/source/.cargo/config
[INFO] started tweaking git repo https://github.com/timbod7/hexalamp
[INFO] finished tweaking git repo https://github.com/timbod7/hexalamp
[INFO] tweaked toml for git repo https://github.com/timbod7/hexalamp written to /workspace/builds/worker-2/source/Cargo.toml
[INFO] crate git repo https://github.com/timbod7/hexalamp already has a lockfile, it will not be regenerated
[INFO] running `Command { std: "/workspace/cargo-home/bin/cargo" "+ff34b919075f35a1787659e9c448a34b06bab8de" "fetch" "--manifest-path" "Cargo.toml", kill_on_drop: false }`
[INFO] running `Command { std: "docker" "create" "-v" "/var/lib/crater-agent-workspace/builds/worker-2/target:/opt/rustwide/target:rw,Z" "-v" "/var/lib/crater-agent-workspace/builds/worker-2/source:/opt/rustwide/workdir:ro,Z" "-v" "/var/lib/crater-agent-workspace/cargo-home:/opt/rustwide/cargo-home:ro,Z" "-v" "/var/lib/crater-agent-workspace/rustup-home:/opt/rustwide/rustup-home:ro,Z" "-e" "SOURCE_DIR=/opt/rustwide/workdir" "-e" "CARGO_TARGET_DIR=/opt/rustwide/target" "-e" "CARGO_HOME=/opt/rustwide/cargo-home" "-e" "RUSTUP_HOME=/opt/rustwide/rustup-home" "-w" "/opt/rustwide/workdir" "-m" "1610612736" "--user" "0:0" "--network" "none" "ghcr.io/rust-lang/crates-build-env/linux@sha256:20528e8c29e4536546f0102ce88568b16ea7538393a33fcca951030f7af10457" "/opt/rustwide/cargo-home/bin/cargo" "+ff34b919075f35a1787659e9c448a34b06bab8de" "metadata" "--no-deps" "--format-version=1", kill_on_drop: false }`
[INFO] [stdout] 811b8c77e8ecac0223f1e55a866fdacc5259cfc1052ffea24b19d63242286853
[INFO] [stderr] WARNING: Your kernel does not support swap limit capabilities or the cgroup is not mounted. Memory limited without swap.
[INFO] running `Command { std: "docker" "start" "-a" "811b8c77e8ecac0223f1e55a866fdacc5259cfc1052ffea24b19d63242286853", kill_on_drop: false }`
[INFO] running `Command { std: "docker" "inspect" "811b8c77e8ecac0223f1e55a866fdacc5259cfc1052ffea24b19d63242286853", kill_on_drop: false }`
[INFO] running `Command { std: "docker" "rm" "-f" "811b8c77e8ecac0223f1e55a866fdacc5259cfc1052ffea24b19d63242286853", kill_on_drop: false }`
[INFO] [stdout] 811b8c77e8ecac0223f1e55a866fdacc5259cfc1052ffea24b19d63242286853
[INFO] running `Command { std: "docker" "create" "-v" "/var/lib/crater-agent-workspace/builds/worker-2/target:/opt/rustwide/target:rw,Z" "-v" "/var/lib/crater-agent-workspace/builds/worker-2/source:/opt/rustwide/workdir:ro,Z" "-v" "/var/lib/crater-agent-workspace/cargo-home:/opt/rustwide/cargo-home:ro,Z" "-v" "/var/lib/crater-agent-workspace/rustup-home:/opt/rustwide/rustup-home:ro,Z" "-e" "SOURCE_DIR=/opt/rustwide/workdir" "-e" "CARGO_TARGET_DIR=/opt/rustwide/target" "-e" "CARGO_INCREMENTAL=0" "-e" "RUST_BACKTRACE=full" "-e" "RUSTFLAGS=--cap-lints=forbid" "-e" "CARGO_HOME=/opt/rustwide/cargo-home" "-e" "RUSTUP_HOME=/opt/rustwide/rustup-home" "-w" "/opt/rustwide/workdir" "-m" "1610612736" "--user" "0:0" "--network" "none" "ghcr.io/rust-lang/crates-build-env/linux@sha256:20528e8c29e4536546f0102ce88568b16ea7538393a33fcca951030f7af10457" "/opt/rustwide/cargo-home/bin/cargo" "+ff34b919075f35a1787659e9c448a34b06bab8de" "build" "--frozen" "--message-format=json", kill_on_drop: false }`
[INFO] [stderr] WARNING: Your kernel does not support swap limit capabilities or the cgroup is not mounted. Memory limited without swap.
[INFO] [stdout] 574aae7e4345b7640c36be20ca5bad01e4933732593d1d8ee5c59a76f3eafccb
[INFO] running `Command { std: "docker" "start" "-a" "574aae7e4345b7640c36be20ca5bad01e4933732593d1d8ee5c59a76f3eafccb", kill_on_drop: false }`
[INFO] [stderr]    Compiling typenum v1.13.0
[INFO] [stderr]    Compiling version_check v0.9.3
[INFO] [stderr]    Compiling proc-macro2 v1.0.8
[INFO] [stderr]    Compiling unicode-xid v0.2.0
[INFO] [stderr]    Compiling stable_deref_trait v1.2.0
[INFO] [stderr]    Compiling syn v1.0.14
[INFO] [stderr]    Compiling cortex-m v0.6.2
[INFO] [stderr]    Compiling vcell v0.1.2
[INFO] [stderr]    Compiling autocfg v1.0.1
[INFO] [stderr]    Compiling cortex-m-rt v0.6.12
[INFO] [stderr]    Compiling nb v1.0.0
[INFO] [stderr]    Compiling bytemuck v1.4.1
[INFO] [stderr]    Compiling hashbrown v0.9.1
[INFO] [stderr]    Compiling r0 v0.2.2
[INFO] [stderr]    Compiling stm32f1 v0.11.0
[INFO] [stderr]    Compiling heapless v0.6.1
[INFO] [stderr]    Compiling byteorder v1.4.3
[INFO] [stderr]    Compiling ufmt-write v0.1.0
[INFO] [stderr]    Compiling void v1.0.2
[INFO] [stderr]    Compiling rtic-core v0.3.1
[INFO] [stderr]    Compiling panic-halt v0.2.0
[INFO] [stderr]    Compiling bare-metal v0.2.5
[INFO] [stderr]    Compiling cast v0.2.3
[INFO] [stderr]    Compiling volatile-register v0.2.0
[INFO] [stderr]    Compiling embedded-dma v0.1.2
[INFO] [stderr]    Compiling rtt-target v0.2.2
[INFO] [stderr]    Compiling nb v0.1.3
[INFO] [stderr]    Compiling embedded-hal v0.2.4
[INFO] [stderr]    Compiling hash32 v0.1.1
[INFO] [stderr]    Compiling rgb v0.8.25
[INFO] [stderr]    Compiling generic-array v0.14.4
[INFO] [stderr]    Compiling cortex-m-rtic v0.5.6
[INFO] [stderr]    Compiling smart-leds-trait v0.2.1
[INFO] [stderr]    Compiling indexmap v1.6.2
[INFO] [stderr]    Compiling ws2812-spi v0.4.0
[INFO] [stderr]    Compiling smart-leds v0.3.0
[INFO] [stderr]    Compiling quote v1.0.2
[INFO] [stderr]    Compiling generic-array v0.12.4
[INFO] [stderr]    Compiling generic-array v0.13.3
[INFO] [stderr]    Compiling as-slice v0.1.5
[INFO] [stderr]    Compiling aligned v0.3.2
[INFO] [stderr]    Compiling panic-rtt-target v0.1.1
[INFO] [stderr]    Compiling rtt-target v0.3.0
[INFO] [stderr]    Compiling rtic-syntax v0.4.0
[INFO] [stderr]    Compiling cortex-m-rt-macros v0.1.8
[INFO] [stderr]    Compiling cortex-m-rtic-macros v0.5.2
[INFO] [stderr]    Compiling stm32f1xx-hal v0.7.0
[INFO] [stderr]    Compiling hexalamp v0.1.0 (/opt/rustwide/workdir)
[INFO] [stdout] error[E0432]: unresolved import `rtic::cyccnt`
[INFO] [stdout]   --> src/main.rs:15:11
[INFO] [stdout]    |
[INFO] [stdout] 15 | use rtic::cyccnt::{Duration};
[INFO] [stdout]    |           ^^^^^^ could not find `cyccnt` in `rtic`
[INFO] [stdout] 
[INFO] [stdout] 
[INFO] [stdout] error[E0433]: failed to resolve: could not find `cyccnt` in `rtic`
[INFO] [stdout]   --> src/main.rs:37:54
[INFO] [stdout]    |
[INFO] [stdout] 37 | #[app(device = stm32f1xx_hal::pac, monotonic = rtic::cyccnt::CYCCNT, peripherals = true)]
[INFO] [stdout]    |                                                      ^^^^^^ could not find `cyccnt` in `rtic`
[INFO] [stdout] 
[INFO] [stdout] 
[INFO] [stdout] warning: unused import: `FRAME_XMAX`
[INFO] [stdout]  --> src/animation/anim0.rs:2:56
[INFO] [stdout]   |
[INFO] [stdout] 2 | use super::{Animation, Frame, fill, faddr, FRAME_YMAX, FRAME_XMAX};
[INFO] [stdout]   |                                                        ^^^^^^^^^^
[INFO] [stdout]   |
[INFO] [stdout]   = note: `#[warn(unused_imports)]` on by default
[INFO] [stdout] 
[INFO] [stdout] 
[INFO] [stdout] warning: unused imports: `CellType`, `faddr`
[INFO] [stdout]  --> src/animation/anim4.rs:3:53
[INFO] [stdout]   |
[INFO] [stdout] 3 | use super::{Animation, Frame, XorShift32, CellAddr, CellType, CellOrientation, faddr, fill, FRAME_XMAX, FRAME_YMAX};
[INFO] [stdout]   |                                                     ^^^^^^^^                   ^^^^^
[INFO] [stdout] 
[INFO] [stdout] 
[INFO] [stdout] warning: variant `FADE_IN` should have an upper camel case name
[INFO] [stdout]   --> src/animation/combo1.rs:15:14
[INFO] [stdout]    |
[INFO] [stdout] 15 | enum State { FADE_IN, FADE_OUT, RUN }
[INFO] [stdout]    |              ^^^^^^^ help: convert the identifier to upper camel case: `FadeIn`
[INFO] [stdout]    |
[INFO] [stdout]    = note: `#[warn(non_camel_case_types)]` on by default
[INFO] [stdout] 
[INFO] [stdout] 
[INFO] [stdout] warning: variant `FADE_OUT` should have an upper camel case name
[INFO] [stdout]   --> src/animation/combo1.rs:15:23
[INFO] [stdout]    |
[INFO] [stdout] 15 | enum State { FADE_IN, FADE_OUT, RUN }
[INFO] [stdout]    |                       ^^^^^^^^ help: convert the identifier to upper camel case: `FadeOut`
[INFO] [stdout] 
[INFO] [stdout] 
[INFO] [stdout] error: duplicate lang item in crate `panic_rtt_target`: `panic_impl`.
[INFO] [stdout]   |
[INFO] [stdout]   = note: the lang item is first defined in crate `panic_halt` (which `hexalamp` depends on)
[INFO] [stdout]   = note: first definition in `panic_halt` loaded from /opt/rustwide/target/debug/deps/libpanic_halt-16fc2f09a9add926.rlib
[INFO] [stdout]   = note: second definition in `panic_rtt_target` loaded from /opt/rustwide/target/debug/deps/libpanic_rtt_target-8de0100e9e4b1b21.rlib
[INFO] [stdout] 
[INFO] [stdout] 
[INFO] [stdout] error: language item required, but not found: `eh_personality`
[INFO] [stdout] 
[INFO] [stdout] 
[INFO] [stdout] error[E0282]: type annotations needed
[INFO] [stdout]   --> src/main.rs:37:1
[INFO] [stdout]    |
[INFO] [stdout] 37 | #[app(device = stm32f1xx_hal::pac, monotonic = rtic::cyccnt::CYCCNT, peripherals = true)]
[INFO] [stdout]    | ^^^^^^^^^^^^^^^^^^^^^^^^^^^^^^^^^^^^^^^^^^^^^^^^^^^^^^^^^^^^^^^^^^^^^^^^^^^^^^^^^^^^^^^^^
[INFO] [stdout]    |
[INFO] [stdout]    = note: type must be known at this point
[INFO] [stdout]    = note: this error originates in an attribute macro (in Nightly builds, run with -Z macro-backtrace for more info)
[INFO] [stdout] 
[INFO] [stdout] 
[INFO] [stdout] error: aborting due to 5 previous errors; 4 warnings emitted
[INFO] [stdout] 
[INFO] [stdout] 
[INFO] [stdout] Some errors have detailed explanations: E0282, E0432, E0433.
[INFO] [stdout] 
[INFO] [stdout] For more information about an error, try `rustc --explain E0282`.
[INFO] [stdout] 
[INFO] [stderr] error: could not compile `hexalamp`
[INFO] [stderr] 
[INFO] [stderr] To learn more, run the command again with --verbose.
[INFO] running `Command { std: "docker" "inspect" "574aae7e4345b7640c36be20ca5bad01e4933732593d1d8ee5c59a76f3eafccb", kill_on_drop: false }`
[INFO] running `Command { std: "docker" "rm" "-f" "574aae7e4345b7640c36be20ca5bad01e4933732593d1d8ee5c59a76f3eafccb", kill_on_drop: false }`
[INFO] [stdout] 574aae7e4345b7640c36be20ca5bad01e4933732593d1d8ee5c59a76f3eafccb
